se 26 = 2*t + t + 4*g, 0 = -3*g + 15. Let b(m) = 2 + 0 + 3*m**2 + 2*m - 2*m**t. List the prime factors of b(-3).
5
Suppose 5*t + 15 = -0*t. Let d = 2 - t. Let g = 16 - d. List the prime factors of g.
11
Suppose 3*y = -2*y. Suppose -j + 0*j + 7 = y. List the prime factors of j.
7
Let w(z) = 1 + z + 1 + 0. Let r be w(3). Suppose -r*f - 2 = -47. List the prime factors of f.
3
Let u = 101 - 68. List the prime factors of u.
3, 11
Let r = 9 + -4. Let i be (-2)/r + 954/(-15). Let x = -46 - i. List the prime factors of x.
2, 3
What are the prime factors of 27/(-6)*(-14)/3?
3, 7
Let x(a) = a**2 + 2*a - 5. Let l be x(-5). Suppose l = -3*c + 4*f + 45, -5*c = -f - 64. List the prime factors of c.
13
Let n(s) = 97*s - 18. What are the prime factors of n(3)?
3, 7, 13
Let c = -2 - 10. Let r = -42 + 60. Let q = r + c. List the prime factors of q.
2, 3
Let m(l) = l**3 + 4*l**2 + 1. Let d be m(-4). Suppose -2*v + 12 = 4*v. Let i = v + d. List the prime factors of i.
3
Let m = -16 + 22. Suppose 2*s - m = i - 0, -4*i = -5*s + 9. What are the prime factors of i?
2
Let v(i) = -i - 1. Let c be v(-3). Let u be 2/(-4)*(1 - 1). What are the prime factors of (c - 7)*(u - 1)?
5
Let a be 1 + (0 - 0 - 10). Let k = 19 + -35. Let d = a - k. List the prime factors of d.
7
Suppose 111 + 81 = 2*v + 2*i, -4*v + 4*i + 384 = 0. What are the prime factors of v?
2, 3
List the prime factors of (107/5)/((-4)/(-20)).
107
Let w be (-3)/(2/(-88)*-3). Let l = -86 - w. What are the prime factors of (12/14)/((-3)/l)?
2, 3
Suppose w + 3*k + k = 0, -3*k = -3*w. Suppose -3*b = -w*b - 9. Suppose r = b*r - 4. What are the prime factors of r?
2
Let v be 0 + (2*-2)/(-2). Let r(z) = z**3 - z**2 + 2*z - 3. What are the prime factors of r(v)?
5
List the prime factors of (-2098)/(-6) - ((-24)/(-9) + -2).
349
Suppose -5*h + 392 = 92. Suppose -3*n = -7*n - h. List the prime factors of (4/5)/((-3)/n).
2
Let i(v) = -175*v**3 - 2*v**2 - 5*v - 3. What are the prime factors of i(-1)?
5, 7
Let u be -6 - 2*3/(-6). Let t = 9 + u. Suppose t*y - 30 = y. List the prime factors of y.
2, 5
Let i(v) = 1 + v**2 + 0*v - 2*v + 3*v + 0. Let x be i(-2). Suppose -2*g + 13 = 3*b + 2*b, -x*b = -5*g - 14. List the prime factors of b.
3
Let f = 10 + -7. Suppose -26 = f*z - 65. List the prime factors of z.
13
Suppose 3*j = q + 40, 36 = 5*j - 5*q - 44. Let x = -30 + 50. Let n = x - j. What are the prime factors of n?
2
Let v(x) = -13*x**3 + 0*x + x + 2 + 2*x**2 - 1 + x. What are the prime factors of v(-1)?
2, 7
Let d(o) = -4*o**2 + 4*o. Let k(b) = 17*b**2 - 16*b - 1. Let t(s) = -9*d(s) - 2*k(s). Suppose 2*y - 4*y = -4. What are the prime factors of t(y)?
2
Let a(x) be the third derivative of x**6/120 - x**5/10 + x**4/24 - x**3/2 + 2*x**2. Let b be (2 - 2) + 6 + 0. What are the prime factors of a(b)?
3
Let r = 4 - 1. Suppose 89 = t + 3*t + 3*p, -r*t - 3*p + 69 = 0. List the prime factors of t.
2, 5
Suppose 4*s - 1 = 11. Suppose 36 = -s*r - 0*r. List the prime factors of (r/(-8))/(3/20).
2, 5
Suppose -5*o - y + 35 = -5*y, 4*o + 4*y = -8. Let x be 3 - 2 - o/(-3). Let v = x - -2. What are the prime factors of v?
2
Suppose 0 = -w - 0*w - 6. Let x(u) = -u - 3. Let r be x(w). Suppose -2 = -3*d + 13, -3*z + 27 = r*d. What are the prime factors of z?
2
Let o(y) = 2*y**2 - 2*y + 1. What are the prime factors of o(2)?
5
Let w = 9 - 4. Let o(r) = r**3 - 5*r**2 + r + 1. List the prime factors of o(w).
2, 3
Suppose 0 = -5*o - 5*m + 370 + 215, -2*m = -o + 117. List the prime factors of o.
3, 13
Let l be (-10)/(-3) + (-4)/12. What are the prime factors of (-1)/(l/36*-2)?
2, 3
Let c be (1 - -5)/(4 - 2). Suppose q - 51 = -4*d - 13, c*q - 42 = -4*d. List the prime factors of d.
3
Let k be (8/(-12))/((-6)/99). Suppose -3*z - a + 2 + k = 0, -z - 5*a = -23. List the prime factors of z.
3
Suppose -4*n + 1 = -b, 0 = -4*n + 1 + 3. List the prime factors of ((-3)/b)/(2/(-44)).
2, 11
Suppose 0 = -2*c + 5*r + 143, 0 = c - 4*c + 2*r + 187. Let g = 41 - c. Let w = -8 - g. List the prime factors of w.
2, 5
Suppose 40 + 32 = 4*p - 4*r, 0 = -2*r - 10. What are the prime factors of p?
13
Let t(w) = -15*w**2 + w + 1. Let x be t(-1). Suppose 0*v - 2*v = 20. What are the prime factors of (0 + 12/x)*v?
2
Let h(w) = -w**2 - 9*w + 14. Let v be h(-10). Suppose -184 = -v*i - 0*i. Let y = i + -29. What are the prime factors of y?
17
Let y(u) = -u**2 + 28*u - 22. List the prime factors of y(24).
2, 37
Let m(o) = 4*o**2 - 2*o - 2. Let u = 9 - 11. List the prime factors of m(u).
2, 3
Let m(x) = 15*x**3 - 21*x**2 - 21*x - 7. Let o(l) = -7*l**3 + 10*l**2 + 10*l + 3. Let v(f) = -6*m(f) - 13*o(f). What are the prime factors of v(5)?
2
Let l be 35*-4*(-3)/15. Let s = -15 + l. What are the prime factors of s?
13
Let g(j) = 20*j**2 - 2*j - 1. What are the prime factors of g(-1)?
3, 7
Suppose 0 = 3*f - 2*f - 13. Suppose 2*p - 2 = 4*p. Let r = p + f. What are the prime factors of r?
2, 3
Let f = 7 - 0. Let s = -4 + f. Suppose 0*m - s*m = -3*w + 18, -4*w + 45 = 3*m. List the prime factors of w.
3
Suppose 1 - 3 = n. What are the prime factors of 1 + 1 - (n - 0)?
2
Let x(q) be the first derivative of q**2/2 - 2*q - 2. Let o be x(0). List the prime factors of (0 - o)/(-1) + 12.
2, 5
Suppose 5*k - 2*z + 7*z - 115 = 0, 5*k - 5*z = 135. Let y = 9 + k. What are the prime factors of y?
2, 17
Let z be (2/(-4))/((-2)/20). List the prime factors of 74/z - (-5)/25.
3, 5
Let k be (-17)/4 + (-3)/(-12). What are the prime factors of (-6)/k*6 + 1?
2, 5
Let p be 94/(-6) + (-1)/3. Let c = -77 - -49. Let i = p - c. List the prime factors of i.
2, 3
Let s(n) = 3*n**2 - 16*n + 4. List the prime factors of s(11).
191
Suppose -3*c = -x - 19, 16 = 3*c + 2*x - 18. List the prime factors of c.
2
Let j be (-6)/(-18) - (-8)/3. Suppose -2*o + 4 = 0, j*u + 0*o - 44 = -4*o. Let s = 17 - u. List the prime factors of s.
5
Let u(d) = -d**2 + 18*d - 18. List the prime factors of u(14).
2, 19
Suppose 5*b = -10, -7*s + 5*b + 150 = -3*s. What are the prime factors of s?
5, 7
Suppose -c = -3*x + 17, 3*c + 0*c = 5*x - 35. Suppose -3*f - 33 = -3*y, 0 = 5*y - 5*f + x*f - 55. What are the prime factors of y?
11
Let o be 27 + (-4)/6*3. Let y = o - 12. List the prime factors of y.
13
Let d = 4 + -9. Let r(k) = -k**3 - 3*k**2 + k - 6. List the prime factors of r(d).
3, 13
Let w be (-2 + 9/6)*-4. Let g(t) be the second derivative of 5*t**3/6 - 3*t**2/2 - t. What are the prime factors of g(w)?
7
Let f(c) = -2*c + 1. Let p be f(-1). Suppose -2*d = -3*v - 12, -5*v + p*d - d = 16. What are the prime factors of v - 2*(-7 - 0)?
2, 3
Suppose 3*s = 2*r - 21, -r = 3*r - 2*s - 30. Suppose -3*q + 18 = r. Suppose 36 = q*o - 4. List the prime factors of o.
2, 5
Let d be -2 + 5 - (7 - -1). Let m = d - -25. What are the prime factors of m?
2, 5
Let c be -1 - (-1)/(3/63). List the prime factors of c/8*4/5.
2
Let o = 25 + 38. What are the prime factors of o?
3, 7
Let s be -1 - (-6)/(2 + 1). Suppose 2*p + s = j + 2*j, -5*j = -3*p - 3. List the prime factors of p.
2
Let g = -9 - -13. Let m(q) = q**2 - 5*q - 4. Let v be m(g). What are the prime factors of (44/v)/((-2)/8)?
2, 11
Let n = 8 + -4. Suppose 0*o - 5*o + l = -n, -o + 4*l - 3 = 0. What are the prime factors of o*(-2 - (-15 + 1))?
2, 3
Let s(r) = 3*r**2 - 3*r. Let w be s(2). Let x(f) = 2*f - 5. List the prime factors of x(w).
7
Suppose -54 = -5*z + 26. Suppose 5*n = n + z. List the prime factors of n.
2
Let l = 142 - 29. List the prime factors of l.
113
Let a be (1 - 14/8)*-4. Suppose -a = -4*z + 9. What are the prime factors of z?
3
List the prime factors of (14/(-6))/(3/(-45)).
5, 7
Let p be (-3)/(-6) - (-7)/2. Suppose -k - p = 4*q - 5*k, 5*k = 15. List the prime factors of q.
2
Suppose 8*o = 13*o - 20. Suppose -v + 5*b = v - 33, -5*v + 40 = -4*b. Suppose g - 40 = -3*c, 3*c - o*g - 16 = v. List the prime factors of c.
2, 3
Let y(t) = 2*t - 4. Suppose -3*v = -4*o - 0*v + 7, 2*o - 4*v = -4. Let x be y(o). Let b = 8 - x. List the prime factors of b.
2
Let d = -297 - -463. What are the prime factors of d?
2, 83
Let t = -52 + 77. List the prime factors of t.
5
Suppose 0 = 3*p - 898 + 130. What are the prime factors of p?
2
Let g(o) = -2*o - 12. List the prime factors of g(-10).
2
Suppose 0*t - 24 = -3*t. List the prime factors of (26/(-3))/(t/(-12)).
13
What are the prime factors of 4 + (-3